50 a multiple of 25?
True
Does 22 divide 1694?
True
Is 94 a factor of 282?
True
Is 391 a multiple of 35?
False
Is 13 a factor of 1287?
True
Does 21 divide 4824?
False
Is 243 a multiple of 3?
True
Does 24 divide 21672?
True
Is 4 a factor of 216?
True
Does 37 divide 173?
False
Is 9235 a multiple of 39?
False
Is 5145 a multiple of 9?
False
Does 50 divide 6450?
True
Is 9175 a multiple of 18?
False
Does 63 divide 1206?
False
Is 28620 a multiple of 12?
True
Does 47 divide 558?
False
Is 880 a multiple of 82?
False
Does 14 divide 1064?
True
Is 24 a factor of 672?
True
Is 8 a factor of 22346?
False
Is 209 a multiple of 4?
False
Is 219 a factor of 12789?
False
Does 18 divide 1422?
True
Is 7 a factor of 14500?
False
Is 22 a factor of 7898?
True
Is 1455 even?
False
Is 6432 a multiple of 96?
True
Is 949 a multiple of 11?
False
Is 8269 a multiple of 66?
False
Is 31 a factor of 2624?
False
Is 20 a factor of 548?
False
Is 20 a factor of 1011?
False
Is 1495 a multiple of 73?
False
Does 11 divide 263?
False
Is 3 a factor of 580?
False
Does 12 divide 2776?
False
Does 110 divide 6242?
False
Is 803 a multiple of 6?
False
Is 5 a factor of 14?
False
Is 26 a factor of 70902?
True
Is 1216 a multiple of 32?
True
Does 58 divide 4211?
False
Is 20 a factor of 4760?
True
Is 200 a multiple of 12?
False
Does 33 divide 2420?
False
Is 27 a factor of 1648?
False
Is 26 a factor of 59609?
False
Is 67 a factor of 1382?
False
Is 744 a multiple of 124?
True
Does 267 divide 62298?
False
Is 15655 a multiple of 31?
True
Does 10 divide 430?
True
Does 46 divide 11345?
False
Does 56 divide 426?
False
Is 7905 a multiple of 17?
True
Does 57 divide 4218?
True
Is 665 a multiple of 35?
True
Is 3 a factor of 27?
True
Is 360 a multiple of 12?
True
Is 44 a factor of 19976?
True
Is 7 a factor of 57?
False
Is 4998 a multiple of 3?
True
Is 96 a factor of 3153?
False
Is 22 a factor of 61051?
False
Does 15 divide 377?
False
Does 26 divide 1040?
True
Is 517 a multiple of 2?
False
Does 3 divide 156?
True
Does 2 divide 24?
True
Is 8592 a multiple of 227?
False
Does 12 divide 372?
True
Is 17064 a multiple of 3?
True
Is 11 a factor of 52734?
True
Is 26 a factor of 605?
False
Does 57 divide 912?
True
Does 6 divide 306?
True
Does 12 divide 5702?
False
Does 38 divide 532?
True
Is 4680 a multiple of 130?
True
Is 16 a factor of 30679?
False
Is 2989 a multiple of 7?
True
Is 135 a multiple of 3?
True
Is 668 a multiple of 6?
False
Is 5 a factor of 1001?
False
Is 2787 a multiple of 5?
False
Does 10 divide 580?
True
Is 1948 a multiple of 8?
False
Is 16490 a multiple of 85?
True
Is 109 a factor of 5176?
False
Does 82 divide 1476?
True
Is 14 a factor of 280?
True
Is 15 a factor of 208?
False
Is 2967 a multiple of 25?
False
Does 3 divide 55?
False
Is 1332 a multiple of 18?
True
Is 625 a multiple of 25?
True
Is 53 a factor of 2703?
True
Is 20163 a multiple of 147?
False
Is 7395 a multiple of 2?
False
Does 7 divide 156?
False
Is 10 a factor of 38170?
True
Does 102 divide 1784?
False
Does 70 divide 2857?
False
Does 11 divide 275?
True
Is 43 a factor of 667?
False
Is 3726 a multiple of 46?
True
Is 25 a factor of 5675?
True
Is 247 a multiple of 43?
False
Is 3 a factor of 11303?
False
Is 13750 a multiple of 22?
True
Is 6233 a multiple of 23?
True
Is 1119 a multiple of 16?
False
Does 68 divide 7548?
True
Does 186 divide 33108?
True
Does 51 divide 1071?
True
Is 31 a factor of 116963?
True
Does 15 divide 1125?
True
Is 1859 a multiple of 13?
True
Does 15 divide 82?
False
Is 1190 a multiple of 35?
True
Is 2697 a multiple of 93?
True
Does 11 divide 316?
False
Does 12 divide 366?
False
Is 3013 a multiple of 15?
False
Is 31285 a multiple of 15?
False
Is 346 a multiple of 5?
False
Is 984 a multiple of 12?
True
Does 8 divide 752?
True
Is 57 a factor of 56658?
True
Is 2134 a multiple of 22?
True
Is 12650 a multiple of 12?
False
Does 13 divide 2431?
True
Is 9 a factor of 1414?
False
Does 47 divide 5358?
True
Is 364 a multiple of 5?
False
Is 106 a factor of 953?
False
Is 7272 a multiple of 8?
True
Is 10 a factor of 313?
False
Is 3076 a multiple of 31?
False
Is 29 a factor of 464?
True
Is 11 a factor of 759?
True
Does 10 divide 350?
True
Does 8 divide 6131?
False
Is 8 a factor of 296?
True
Is 13 a factor of 767?
True
Does 3 divide 11?
False
Is 22 a factor of 462?
True
Is 867 a multiple of 9?
False
Is 6030 a multiple of 67?
True
Does 62 divide 389?
False
Is 102 a factor of 12101?
False
Is 58 a factor of 2802?
False
Does 12 divide 2148?
True
Is 5576 a multiple of 34?
True
Is 8 a factor of 1600?
True
Does 35 divide 770?
True
Is 2 a factor of 177?
False
Is 13 a factor of 2704?
True
Does 52 divide 6020?
False
Is 90 a factor of 4320?
True
Is 106 a factor of 25239?
False
Is 12 a factor of 71846?
False
Does 38 divide 912?
True
Is 10 a factor of 32?
False
Is 66 a multiple of 11?
True
Is 75 a factor of 8304?
False
Does 17 divide 1458?
False
Is 8302 a multiple of 14?
True
Is 3 a factor of 870?
True
Is 78 a multiple of 2?
True
Does 10 divide 11060?
True
Is 63 a factor of 2835?
True
Is 67 a factor of 56950?
True
Is 13 a factor of 817?
False
Does 151 divide 95954?
False
Is 14 a factor of 2890?
False
Is 9962 a multiple of 3?
False
Does 3 divide 241?
False
Is 312 a factor of 78565?
False
Is 8 a factor of 5107?
False
Does 25 divide 14950?
True
Is 111 a multiple of 37?
True
Is 59 a factor of 2242?
True
Is 59 a factor of 2950?
True
Does 64 divide 3324?
False
Does 15 divide 22110?
True
Is 13891 a multiple of 3?
False
Does 57 divide 5187?
True
Is 363 a multiple of 30?
False
Is 506 a multiple of 3?
False
Is 2464 a multiple of 11?
True
Is 8 a factor of 296?
True
Does 124 divide 2600?
False
Does 35 divide 910?
True
Is 7 a factor of 364?
True
Is 9 a factor of 1431?
True
Is 876 a multiple of 105?
False
Does 236 divide 22409?
False
Is 25 a factor of 1100?
True
Does 38 divide 32718?
True
Is 54 a factor of 10307?
False
Is 65 a factor of 4839?
False
Does 13 divide 517?
False
Is 4962 a multiple of 2?
True
Is 1174 a multiple of 14?
False
Is 56 a factor of 612?
False
Is 34 a factor of 5545?
False
Is 39 a factor of 27489?
False
Does 25 divide 4650?
True
Is 180 even?
True
Is 3570 a multiple of 70?
True
Does 19 divide 2161?
False
Does 33 divide 3432?
True
Is 113 a factor of 75258?
True
Is 44460 a multiple of 195?
True
Is 21631 a multiple of 33?
False
Is 2125 a multiple of 25?
True
Is 125 a factor of 8130?
False
Is 51 a factor of 13219?
False
Does 58 divide 1102?
True
Is 858 a multiple of 26?
True
Is 160 a factor of 26048?
False
Is 24 a factor of 1330?
False
Is 22 a factor of 1524?
False
Is 368 a multiple of 18?
False
Is 49 a factor of 31580?
False
Does 15 divide 10695?
True
Is 2200 a multiple of 16?
False
Is 12 a factor of 40?
False
Does 22 divide 5148?
True
Does 80 divide 1123?
False
Is 2532 a multiple of 6?
True
Is 4 a factor of 4103?
False
Is 4544 a multiple of 32?
True
Is 10614 a multiple of 174?
True
Is 129870 a multiple of 222?
True
Does 68 divide 899?
False
Is 8 a factor of 568?
True
Does 11 divide 999?
False
Is 3276 a multiple of 4?
True
Does 9 divide 58931?
False
Does 21 divide 598?
False
Is 22420 a multiple of 15?
False
Is 422 a multiple of 13?
False
Does 3 divide 9176?
False
Is 36 a factor of 1872?
True
Does 16 divide 6951?
False
Does 10 divide 1625?
False
Is 28 a factor of 3276?
True
Is 37 a factor of 2373?
False
Does 5 divide 41?
False
Is 1941 a multiple of 4?
False
Is 627 a multiple of 7?
False
Is 107 a factor of 7205?
False
Is 13 a factor of 3705?
True
Does 9 divide 8823?
False
Does 24 divide 8640?
True
Does 23 divide 2249?
False
Is 528 a multiple of 5?
False
Is 5538 a multiple of 6?
True
Is 5901 a multiple of 7?
True
Is 264 a multiple of 22?
True
Is 146 a factor of 4052?
False
Is 1242 a multiple of 46?
True
Does 114 divide 2052?
True
Does 48 divide 5904?
True
Is 10 a factor of 60470?
True
Is 308 a multiple of 14?
True
Does 66 divide 52998?
True
Is 1134 a multiple of 189?
True
Is 18395 a multiple of 35?
False
Is 47340 a multiple of 18?
True
Does 16 divide 920?
False
Is 27630 a multiple of 10?
True
Does 78 divide 2496?
True
Is 53 a factor of 636?
True
Is 1300 a multiple of 3?
False
Is 779 a multiple of 15?
False
Is 168 a factor of 1095?
False
Is 10 a factor of 600?
True
Is 40 a factor of 17720?
True
Is 1151 a multiple of 32?
False
Is 1112 a multiple of 43